{"id":992,"date":"2023-03-01T11:58:50","date_gmt":"2023-03-01T11:58:50","guid":{"rendered":"https:\/\/dim314.apm.pt\/?page_id=992"},"modified":"2023-03-01T12:06:49","modified_gmt":"2023-03-01T12:06:49","slug":"alto-patrocinio-presidente-da-republica","status":"publish","type":"page","link":"https:\/\/dim314.apm.pt\/?page_id=992","title":{"rendered":"Alto Patroc\u00ednio Presidente da Rep\u00fablica"},"content":{"rendered":"\n<p class=\"has-text-align-right has-small-font-size\">.<\/p>\n\n\n\n<p class=\"has-medium-font-size\"><strong>Alto Patroc\u00ednio de Sua Excel\u00eancia O Presidente da Rep\u00fablica<\/strong><\/p>\n\n\n\n<p>A <strong>Associa\u00e7\u00e3o de Professores de Matem\u00e1tica<\/strong> tem o privil\u00e9gio e honra de ver concedido o <strong>Alto Patroc\u00ednio de Sua Excel\u00eancia O Presidente da Rep\u00fablica, Exmo. Senhor Professor Doutor Marcelo Rebelo de Sousa<\/strong>, ao seu projeto de comemora\u00e7\u00e3o do Dia Internacional da Matem\u00e1tica em 2023.<\/p>\n\n\n\n<p>Esta chancela de Sua Excel\u00eancia O Presidente da Rep\u00fablica \u00e9, para a APM e para a Comiss\u00e3o Organizadora deste projeto de comemora\u00e7\u00e3o nacional do DIM 2023, motivo de grande regozijo mas tamb\u00e9m de enorme responsabilidade, elevando ainda mais o desafio a que nos propusemos com esta iniciativa, promover uma &#8220;Matem\u00e1tica PARA TODOS!&#8221; (lema da edi\u00e7\u00e3o de 2023).<\/p>\n\n\n\n<p>A APM n\u00e3o pode deixar de <strong>partilhar este reconhecimento<\/strong>, de Sua Excel\u00eancia O Presidente da Rep\u00fablica, com todos os <strong>PROFESSORES DE MATEM\u00c1TICA<\/strong> do nosso pa\u00eds, que diariamente nas escolas, e fora delas, promovem esta \u00e1rea do saber e procuram torn\u00e1-la ao alcance de todas as crian\u00e7as e alunos. Conforme afirmamos, <strong>a APM somos TODOS N\u00d3S<\/strong>, professores de Matem\u00e1tica!<\/p>\n\n\n\n<p class=\"has-text-align-right has-small-font-size\">.<\/p>\n\n\n\n<p>Transcrevemos de seguida, por nos parecerem relevantes, dois par\u00e1grafos constantes nos elementos oficiais do selo &#8220;<strong>Alto Patroc\u00ednio de Sua Excel\u00eancia O Presidente da Rep\u00fablica<\/strong>&#8220;.<\/p>\n\n\n\n<p class=\"has-text-align-right has-small-font-size\">.<\/p>\n\n\n\n<p>&#8220;<em>Para al\u00e9m dos poderes formais, o Presidente da Rep\u00fablica pode fazer uso dos atributos simb\u00f3licos do seu cargo e dos poderes informais que det\u00e9m. Todos os eventos em que est\u00e1 presente, ou aos quais concede o seu Alto Patroc\u00ednio, constituem oportunidades para mobilizar civicamente o Pa\u00eds e os cidad\u00e3os.<\/em><\/p>\n\n\n\n<p><em>Ao conceder o seu Alto Patroc\u00ednio a um evento o Presidente da Rep\u00fablica tem como objetivo promover, incentivar e mobilizar o Pa\u00eds e os cidad\u00e3os para os desafios e as oportunidades que se colocam a Portugal. O Alto Patroc\u00ednio constitui uma chancela e um contributo do Presidente da Rep\u00fablica para a concretiza\u00e7\u00e3o de ideias que tenham em vista o desenvolvimento do Pa\u00eds.<\/em>&#8220;<\/p>\n\n\n\n<p class=\"has-text-align-right has-small-font-size\">.<\/p>\n\n\n<div class=\"wp-block-image\">\n<figure class=\"aligncenter size-large is-resized\"><img loading=\"lazy\" decoding=\"async\" src=\"https:\/\/dim314.apm.pt\/wp-content\/uploads\/2023\/03\/Alto-Patrocinio-PR-PT01-1024x329.png\" alt=\"\" class=\"wp-image-993\" width=\"949\" height=\"304\" srcset=\"https:\/\/dim314.apm.pt\/wp-content\/uploads\/2023\/03\/Alto-Patrocinio-PR-PT01-1024x329.png 1024w, https:\/\/dim314.apm.pt\/wp-content\/uploads\/2023\/03\/Alto-Patrocinio-PR-PT01-300x96.png 300w, https:\/\/dim314.apm.pt\/wp-content\/uploads\/2023\/03\/Alto-Patrocinio-PR-PT01-768x247.png 768w, https:\/\/dim314.apm.pt\/wp-content\/uploads\/2023\/03\/Alto-Patrocinio-PR-PT01-1536x494.png 1536w, https:\/\/dim314.apm.pt\/wp-content\/uploads\/2023\/03\/Alto-Patrocinio-PR-PT01.png 1680w\" sizes=\"auto, (max-width: 949px) 100vw, 949px\" \/><\/figure>\n<\/div>\n\n\n<p class=\"has-text-align-right has-small-font-size\">.<\/p>\n","protected":false},"excerpt":{"rendered":"<p>. Alto Patroc\u00ednio de Sua Excel\u00eancia O Presidente da Rep\u00fablica A Associa\u00e7\u00e3o de Professores de Matem\u00e1tica tem o privil\u00e9gio e honra de ver concedido o Alto Patroc\u00ednio de Sua Excel\u00eancia O Presidente da Rep\u00fablica, Exmo. Senhor Professor Doutor Marcelo Rebelo de Sousa, ao seu projeto de comemora\u00e7\u00e3o do Dia Internacional da Matem\u00e1tica em 2023. Esta&hellip;&nbsp;<a href=\"https:\/\/dim314.apm.pt\/?page_id=992\" rel=\"bookmark\">Ler mais &raquo;<span class=\"screen-reader-text\">Alto Patroc\u00ednio Presidente da Rep\u00fablica<\/span><\/a><\/p>\n","protected":false},"author":2,"featured_media":0,"parent":0,"menu_order":0,"comment_status":"closed","ping_status":"closed","template":"","meta":{"_eb_attr":"","om_disable_all_campaigns":false,"_monsterinsights_skip_tracking":false,"_monsterinsights_sitenote_active":false,"_monsterinsights_sitenote_note":"","_monsterinsights_sitenote_category":0,"neve_meta_sidebar":"","neve_meta_container":"","neve_meta_enable_content_width":"","neve_meta_content_width":0,"neve_meta_title_alignment":"","neve_meta_author_avatar":"","neve_post_elements_order":"","neve_meta_disable_header":"","neve_meta_disable_footer":"","neve_meta_disable_title":"","footnotes":""},"class_list":["post-992","page","type-page","status-publish","hentry"],"aioseo_notices":[],"_links":{"self":[{"href":"https:\/\/dim314.apm.pt\/index.php?rest_route=\/wp\/v2\/pages\/992","targetHints":{"allow":["GET"]}}],"collection":[{"href":"https:\/\/dim314.apm.pt\/index.php?rest_route=\/wp\/v2\/pages"}],"about":[{"href":"https:\/\/dim314.apm.pt\/index.php?rest_route=\/wp\/v2\/types\/page"}],"author":[{"embeddable":true,"href":"https:\/\/dim314.apm.pt\/index.php?rest_route=\/wp\/v2\/users\/2"}],"replies":[{"embeddable":true,"href":"https:\/\/dim314.apm.pt\/index.php?rest_route=%2Fwp%2Fv2%2Fcomments&post=992"}],"version-history":[{"count":4,"href":"https:\/\/dim314.apm.pt\/index.php?rest_route=\/wp\/v2\/pages\/992\/revisions"}],"predecessor-version":[{"id":1000,"href":"https:\/\/dim314.apm.pt\/index.php?rest_route=\/wp\/v2\/pages\/992\/revisions\/1000"}],"wp:attachment":[{"href":"https:\/\/dim314.apm.pt\/index.php?rest_route=%2Fwp%2Fv2%2Fmedia&parent=992"}],"curies":[{"name":"wp","href":"https:\/\/api.w.org\/{rel}","templated":true}]}}

Alto Patrocínio Presidente da República

<p class="has-text-align-right has-small-font-size">.</p>



<p class="has-medium-font-size"><strong>Alto Patrocínio de Sua Excelência O Presidente da República</strong></p>



<p>A <strong>Associação de Professores de Matemática</strong> tem o privilégio e honra de ver concedido o <strong>Alto Patrocínio de Sua Excelência O Presidente da República, Exmo. Senhor Professor Doutor Marcelo Rebelo de Sousa</strong>, ao seu projeto de comemoração do Dia Internacional da Matemática em 2023.</p>



<p>Esta chancela de Sua Excelência O Presidente da República é, para a APM e para a Comissão Organizadora deste projeto de comemoração nacional do DIM 2023, motivo de grande regozijo mas também de enorme responsabilidade, elevando ainda mais o desafio a que nos propusemos com esta iniciativa, promover uma &#8220;Matemática PARA TODOS!&#8221; (lema da edição de 2023).</p>



<p>A APM não pode deixar de <strong>partilhar este reconhecimento</strong>, de Sua Excelência O Presidente da República, com todos os <strong>PROFESSORES DE MATEMÁTICA</strong> do nosso país, que diariamente nas escolas, e fora delas, promovem esta área do saber e procuram torná-la ao alcance de todas as crianças e alunos. Conforme afirmamos, <strong>a APM somos TODOS NÓS</strong>, professores de Matemática!</p>



<p class="has-text-align-right has-small-font-size">.</p>



<p>Transcrevemos de seguida, por nos parecerem relevantes, dois parágrafos constantes nos elementos oficiais do selo &#8220;<strong>Alto Patrocínio de Sua Excelência O Presidente da República</strong>&#8220;.</p>



<p class="has-text-align-right has-small-font-size">.</p>



<p>&#8220;<em>Para além dos poderes formais, o Presidente da República pode fazer uso dos atributos simbólicos do seu cargo e dos poderes informais que detém. Todos os eventos em que está presente, ou aos quais concede o seu Alto Patrocínio, constituem oportunidades para mobilizar civicamente o País e os cidadãos.</em></p>



<p><em>Ao conceder o seu Alto Patrocínio a um evento o Presidente da República tem como objetivo promover, incentivar e mobilizar o País e os cidadãos para os desafios e as oportunidades que se colocam a Portugal. O Alto Patrocínio constitui uma chancela e um contributo do Presidente da República para a concretização de ideias que tenham em vista o desenvolvimento do País.</em>&#8220;</p>



<p class="has-text-align-right has-small-font-size">.</p>


<div class="wp-block-image">
<figure class="aligncenter size-large is-resized"><img loading="lazy" decoding="async" src="https://dim314.apm.pt/wp-content/uploads/2023/03/Alto-Patrocinio-PR-PT01-1024x329.png" alt="" class="wp-image-993" width="949" height="304" srcset="https://dim314.apm.pt/wp-content/uploads/2023/03/Alto-Patrocinio-PR-PT01-1024x329.png 1024w, https://dim314.apm.pt/wp-content/uploads/2023/03/Alto-Patrocinio-PR-PT01-300x96.png 300w, https://dim314.apm.pt/wp-content/uploads/2023/03/Alto-Patrocinio-PR-PT01-768x247.png 768w, https://dim314.apm.pt/wp-content/uploads/2023/03/Alto-Patrocinio-PR-PT01-1536x494.png 1536w, https://dim314.apm.pt/wp-content/uploads/2023/03/Alto-Patrocinio-PR-PT01.png 1680w" sizes="auto, (max-width: 949px) 100vw, 949px" /></figure>
</div>


<p class="has-text-align-right has-small-font-size">.</p>

<p>. Alto Patrocínio de Sua Excelência O Presidente da República A Associação de Professores de Matemática tem o privilégio e honra de ver concedido o Alto Patrocínio de Sua Excelência O Presidente da República, Exmo. Senhor Professor Doutor Marcelo Rebelo de Sousa, ao seu projeto de comemoração do Dia Internacional da Matemática em 2023. Esta&hellip;&nbsp;<a href="https://dim314.apm.pt/?page_id=992" rel="bookmark">Ler mais &raquo;<span class="screen-reader-text">Alto Patrocínio Presidente da República</span></a></p>
