{"id":442,"date":"2023-01-26T14:33:11","date_gmt":"2023-01-26T14:33:11","guid":{"rendered":"https:\/\/dim314.apm.pt\/?page_id=442"},"modified":"2023-01-26T23:27:07","modified_gmt":"2023-01-26T23:27:07","slug":"submissao-de-candidatura","status":"publish","type":"page","link":"https:\/\/dim314.apm.pt\/?page_id=442","title":{"rendered":"Submiss\u00e3o de candidatura"},"content":{"rendered":"\n<p class=\"has-text-align-right has-small-font-size\">.<\/p>\n\n\n\n<p class=\"has-large-font-size\"><strong>SUBMISS\u00c3O DE CANDIDATURA<\/strong><\/p>\n\n\n\n<div class=\"wp-block-columns is-layout-flex wp-container-core-columns-is-layout-9d6595d7 wp-block-columns-is-layout-flex\">\n<div class=\"wp-block-column is-layout-flow wp-block-column-is-layout-flow\">\n<figure class=\"wp-block-image size-large is-resized\"><img loading=\"lazy\" decoding=\"async\" src=\"https:\/\/dim314.apm.pt\/wp-content\/uploads\/2023\/01\/MAPA-CONTINETE-ILHAS-REGIOES-1024x739.png\" alt=\"\" class=\"wp-image-443\" width=\"573\" height=\"413\" srcset=\"https:\/\/dim314.apm.pt\/wp-content\/uploads\/2023\/01\/MAPA-CONTINETE-ILHAS-REGIOES-1024x739.png 1024w, https:\/\/dim314.apm.pt\/wp-content\/uploads\/2023\/01\/MAPA-CONTINETE-ILHAS-REGIOES-300x217.png 300w, https:\/\/dim314.apm.pt\/wp-content\/uploads\/2023\/01\/MAPA-CONTINETE-ILHAS-REGIOES-768x554.png 768w, https:\/\/dim314.apm.pt\/wp-content\/uploads\/2023\/01\/MAPA-CONTINETE-ILHAS-REGIOES-1536x1109.png 1536w, https:\/\/dim314.apm.pt\/wp-content\/uploads\/2023\/01\/MAPA-CONTINETE-ILHAS-REGIOES-2048x1479.png 2048w\" sizes=\"auto, (max-width: 573px) 100vw, 573px\" \/><\/figure>\n<\/div>\n\n\n\n<div class=\"wp-block-column is-layout-flow wp-block-column-is-layout-flow\">\n<p>A submiss\u00e3o de candidaturas \u00e0s v\u00e1rias categorias do concurso para alunos &#8220;<strong>O QUE \u00c9 A <\/strong>MATEM\u00c1TICA?&#8221; dever\u00e1 ser realizada por cada uma das 5 regi\u00f5es. No continente, a regi\u00e3o <strong>NORTE<\/strong> do pa\u00eds est\u00e1 representada pelo <strong>j\u00fari regional de BRAGAN\u00c7A<\/strong>, a regi\u00e3o <strong>CENTRO<\/strong> do pa\u00eds pelo j\u00fari regional de <strong>COIMBRA<\/strong>, e a regi\u00e3o <strong>SUL<\/strong> do pa\u00eds pelo j\u00fari regional de <strong>\u00c9VORA<\/strong>. Cada uma das regi\u00f5es aut\u00f3nomas, \u00e9 representada pelos respetivos j\u00faris regionais dos <strong>A\u00c7ORES <\/strong>e da <strong>MADEIRA<\/strong>.<\/p>\n\n\n\n<p>A Comiss\u00e3o Organizadora do projeto APM-DIM 2023 convida e desafia todos os alunos e professores da rede de <strong>ESCOLAS PORTUGUESAS NO ESTRANGEIRO<\/strong>, do ensino p\u00fablico ou privado, a tamb\u00e9m participar neste concurso para alunos. <\/p>\n\n\n\n<p>Para tal, dever\u00e3o submeter as suas candidaturas atrav\u00e9s dos respetivos formul\u00e1rios da sua categoria e na regi\u00e3o da <strong>MADEIRA<\/strong>.<\/p>\n<\/div>\n<\/div>\n\n\n\n<p>Em cada uma das cinco regi\u00f5es, na fase regional, ser\u00e3o apurados 3 trabalhos, em cada categoria e modalidade, para a Fase Nacional, <\/p>\n\n\n\n<p>Os formul\u00e1rios est\u00e3o dispon\u00edveis por regi\u00e3o, em p\u00e1ginas distintas deste s\u00edtio virtual, podendo usar o menu principal do s\u00edtio ou clicar nas hiperliga\u00e7\u00f5es abaixo. Ap\u00f3s selecionar a regi\u00e3o, dever\u00e1 clicar sobre a imagem relativa \u00e0<strong> <\/strong>categoria que pretende concorrer, preenchendo o respetivo formul\u00e1rio. Deve ter em aten\u00e7\u00e3o a sele\u00e7\u00e3o da categoria correta, sob pena de n\u00e3o ser considerada a candidatura.<\/p>\n\n\n\n<p><strong>NOTA: <\/strong>para abrir os formul\u00e1rios de submiss\u00e3o <strong>\u00c9<\/strong> <strong>NECESS\u00c1RIO TER A CONTA DE EMAIL ABERTO.<\/strong><\/p>\n\n\n\n<div class=\"wp-block-columns is-layout-flex wp-container-core-columns-is-layout-9d6595d7 wp-block-columns-is-layout-flex\">\n<div class=\"wp-block-column is-layout-flow wp-block-column-is-layout-flow\">\n<p class=\"has-text-align-center has-large-font-size\"><strong><a href=\"https:\/\/dim314.apm.pt\/?page_id=473\">A\u00c7ORES<\/a><\/strong><\/p>\n<\/div>\n\n\n\n<div class=\"wp-block-column is-layout-flow wp-block-column-is-layout-flow\">\n<p class=\"has-text-align-center has-large-font-size\"><strong><a href=\"https:\/\/dim314.apm.pt\/?page_id=475\">NORTE<\/a> <\/strong><\/p>\n\n\n\n<p class=\"has-text-align-center has-medium-font-size\"><strong>(BRAGAN\u00c7A)<\/strong><\/p>\n<\/div>\n\n\n\n<div class=\"wp-block-column is-layout-flow wp-block-column-is-layout-flow\">\n<p class=\"has-text-align-center has-large-font-size\"><strong><a href=\"https:\/\/dim314.apm.pt\/?page_id=477\">CENTRO<\/a><\/strong><\/p>\n\n\n\n<p class=\"has-text-align-center has-medium-font-size\"><strong>(COIMBRA)<\/strong><\/p>\n<\/div>\n\n\n\n<div class=\"wp-block-column is-layout-flow wp-block-column-is-layout-flow\">\n<p class=\"has-text-align-center has-large-font-size\"><strong><a href=\"https:\/\/dim314.apm.pt\/?page_id=479\">SUL<\/a><\/strong><\/p>\n\n\n\n<p class=\"has-text-align-center has-medium-font-size\"><strong>(\u00c9VORA)<\/strong><\/p>\n<\/div>\n\n\n\n<div class=\"wp-block-column is-layout-flow wp-block-column-is-layout-flow\">\n<p class=\"has-text-align-center has-large-font-size\"><strong><a href=\"https:\/\/dim314.apm.pt\/?page_id=481\">MADEIRA<\/a><\/strong><\/p>\n<\/div>\n<\/div>\n\n\n<div class=\"wp-block-image\">\n<figure class=\"aligncenter size-large is-resized\"><img loading=\"lazy\" decoding=\"async\" src=\"https:\/\/dim314.apm.pt\/wp-content\/uploads\/2023\/01\/BARRA-1024x21.png\" alt=\"\" class=\"wp-image-461\" width=\"1138\" height=\"23\" srcset=\"https:\/\/dim314.apm.pt\/wp-content\/uploads\/2023\/01\/BARRA-1024x21.png 1024w, https:\/\/dim314.apm.pt\/wp-content\/uploads\/2023\/01\/BARRA-300x6.png 300w, https:\/\/dim314.apm.pt\/wp-content\/uploads\/2023\/01\/BARRA-768x16.png 768w, https:\/\/dim314.apm.pt\/wp-content\/uploads\/2023\/01\/BARRA-1536x32.png 1536w, https:\/\/dim314.apm.pt\/wp-content\/uploads\/2023\/01\/BARRA-2048x42.png 2048w\" sizes=\"auto, (max-width: 1138px) 100vw, 1138px\" \/><\/figure>\n<\/div>","protected":false},"excerpt":{"rendered":"<p>. SUBMISS\u00c3O DE CANDIDATURA A submiss\u00e3o de candidaturas \u00e0s v\u00e1rias categorias do concurso para alunos &#8220;O QUE \u00c9 A MATEM\u00c1TICA?&#8221; dever\u00e1 ser realizada por cada uma das 5 regi\u00f5es. No continente, a regi\u00e3o NORTE do pa\u00eds est\u00e1 representada pelo j\u00fari regional de BRAGAN\u00c7A, a regi\u00e3o CENTRO do pa\u00eds pelo j\u00fari regional de COIMBRA, e a&hellip;&nbsp;<a href=\"https:\/\/dim314.apm.pt\/?page_id=442\" rel=\"bookmark\">Ler mais &raquo;<span class=\"screen-reader-text\">Submiss\u00e3o de candidatura<\/span><\/a><\/p>\n","protected":false},"author":2,"featured_media":0,"parent":0,"menu_order":0,"comment_status":"closed","ping_status":"closed","template":"","meta":{"_eb_attr":"","om_disable_all_campaigns":false,"_monsterinsights_skip_tracking":false,"_monsterinsights_sitenote_active":false,"_monsterinsights_sitenote_note":"","_monsterinsights_sitenote_category":0,"neve_meta_sidebar":"","neve_meta_container":"","neve_meta_enable_content_width":"","neve_meta_content_width":0,"neve_meta_title_alignment":"","neve_meta_author_avatar":"","neve_post_elements_order":"","neve_meta_disable_header":"","neve_meta_disable_footer":"","neve_meta_disable_title":"","footnotes":""},"class_list":["post-442","page","type-page","status-publish","hentry"],"aioseo_notices":[],"_links":{"self":[{"href":"https:\/\/dim314.apm.pt\/index.php?rest_route=\/wp\/v2\/pages\/442","targetHints":{"allow":["GET"]}}],"collection":[{"href":"https:\/\/dim314.apm.pt\/index.php?rest_route=\/wp\/v2\/pages"}],"about":[{"href":"https:\/\/dim314.apm.pt\/index.php?rest_route=\/wp\/v2\/types\/page"}],"author":[{"embeddable":true,"href":"https:\/\/dim314.apm.pt\/index.php?rest_route=\/wp\/v2\/users\/2"}],"replies":[{"embeddable":true,"href":"https:\/\/dim314.apm.pt\/index.php?rest_route=%2Fwp%2Fv2%2Fcomments&post=442"}],"version-history":[{"count":14,"href":"https:\/\/dim314.apm.pt\/index.php?rest_route=\/wp\/v2\/pages\/442\/revisions"}],"predecessor-version":[{"id":531,"href":"https:\/\/dim314.apm.pt\/index.php?rest_route=\/wp\/v2\/pages\/442\/revisions\/531"}],"wp:attachment":[{"href":"https:\/\/dim314.apm.pt\/index.php?rest_route=%2Fwp%2Fv2%2Fmedia&parent=442"}],"curies":[{"name":"wp","href":"https:\/\/api.w.org\/{rel}","templated":true}]}}

Submissão de candidatura

<p class="has-text-align-right has-small-font-size">.</p>



<p class="has-large-font-size"><strong>SUBMISSÃO DE CANDIDATURA</strong></p>



<div class="wp-block-columns is-layout-flex wp-container-core-columns-is-layout-9d6595d7 wp-block-columns-is-layout-flex">
<div class="wp-block-column is-layout-flow wp-block-column-is-layout-flow">
<figure class="wp-block-image size-large is-resized"><img loading="lazy" decoding="async" src="https://dim314.apm.pt/wp-content/uploads/2023/01/MAPA-CONTINETE-ILHAS-REGIOES-1024x739.png" alt="" class="wp-image-443" width="573" height="413" srcset="https://dim314.apm.pt/wp-content/uploads/2023/01/MAPA-CONTINETE-ILHAS-REGIOES-1024x739.png 1024w, https://dim314.apm.pt/wp-content/uploads/2023/01/MAPA-CONTINETE-ILHAS-REGIOES-300x217.png 300w, https://dim314.apm.pt/wp-content/uploads/2023/01/MAPA-CONTINETE-ILHAS-REGIOES-768x554.png 768w, https://dim314.apm.pt/wp-content/uploads/2023/01/MAPA-CONTINETE-ILHAS-REGIOES-1536x1109.png 1536w, https://dim314.apm.pt/wp-content/uploads/2023/01/MAPA-CONTINETE-ILHAS-REGIOES-2048x1479.png 2048w" sizes="auto, (max-width: 573px) 100vw, 573px" /></figure>
</div>



<div class="wp-block-column is-layout-flow wp-block-column-is-layout-flow">
<p>A submissão de candidaturas às várias categorias do concurso para alunos &#8220;<strong>O QUE É A </strong>MATEMÁTICA?&#8221; deverá ser realizada por cada uma das 5 regiões. No continente, a região <strong>NORTE</strong> do país está representada pelo <strong>júri regional de BRAGANÇA</strong>, a região <strong>CENTRO</strong> do país pelo júri regional de <strong>COIMBRA</strong>, e a região <strong>SUL</strong> do país pelo júri regional de <strong>ÉVORA</strong>. Cada uma das regiões autónomas, é representada pelos respetivos júris regionais dos <strong>AÇORES </strong>e da <strong>MADEIRA</strong>.</p>



<p>A Comissão Organizadora do projeto APM-DIM 2023 convida e desafia todos os alunos e professores da rede de <strong>ESCOLAS PORTUGUESAS NO ESTRANGEIRO</strong>, do ensino público ou privado, a também participar neste concurso para alunos. </p>



<p>Para tal, deverão submeter as suas candidaturas através dos respetivos formulários da sua categoria e na região da <strong>MADEIRA</strong>.</p>
</div>
</div>



<p>Em cada uma das cinco regiões, na fase regional, serão apurados 3 trabalhos, em cada categoria e modalidade, para a Fase Nacional, </p>



<p>Os formulários estão disponíveis por região, em páginas distintas deste sítio virtual, podendo usar o menu principal do sítio ou clicar nas hiperligações abaixo. Após selecionar a região, deverá clicar sobre a imagem relativa à<strong> </strong>categoria que pretende concorrer, preenchendo o respetivo formulário. Deve ter em atenção a seleção da categoria correta, sob pena de não ser considerada a candidatura.</p>



<p><strong>NOTA: </strong>para abrir os formulários de submissão <strong>É</strong> <strong>NECESSÁRIO TER A CONTA DE EMAIL ABERTO.</strong></p>



<div class="wp-block-columns is-layout-flex wp-container-core-columns-is-layout-9d6595d7 wp-block-columns-is-layout-flex">
<div class="wp-block-column is-layout-flow wp-block-column-is-layout-flow">
<p class="has-text-align-center has-large-font-size"><strong><a href="https://dim314.apm.pt/?page_id=473">AÇORES</a></strong></p>
</div>



<div class="wp-block-column is-layout-flow wp-block-column-is-layout-flow">
<p class="has-text-align-center has-large-font-size"><strong><a href="https://dim314.apm.pt/?page_id=475">NORTE</a> </strong></p>



<p class="has-text-align-center has-medium-font-size"><strong>(BRAGANÇA)</strong></p>
</div>



<div class="wp-block-column is-layout-flow wp-block-column-is-layout-flow">
<p class="has-text-align-center has-large-font-size"><strong><a href="https://dim314.apm.pt/?page_id=477">CENTRO</a></strong></p>



<p class="has-text-align-center has-medium-font-size"><strong>(COIMBRA)</strong></p>
</div>



<div class="wp-block-column is-layout-flow wp-block-column-is-layout-flow">
<p class="has-text-align-center has-large-font-size"><strong><a href="https://dim314.apm.pt/?page_id=479">SUL</a></strong></p>



<p class="has-text-align-center has-medium-font-size"><strong>(ÉVORA)</strong></p>
</div>



<div class="wp-block-column is-layout-flow wp-block-column-is-layout-flow">
<p class="has-text-align-center has-large-font-size"><strong><a href="https://dim314.apm.pt/?page_id=481">MADEIRA</a></strong></p>
</div>
</div>


<div class="wp-block-image">
<figure class="aligncenter size-large is-resized"><img loading="lazy" decoding="async" src="https://dim314.apm.pt/wp-content/uploads/2023/01/BARRA-1024x21.png" alt="" class="wp-image-461" width="1138" height="23" srcset="https://dim314.apm.pt/wp-content/uploads/2023/01/BARRA-1024x21.png 1024w, https://dim314.apm.pt/wp-content/uploads/2023/01/BARRA-300x6.png 300w, https://dim314.apm.pt/wp-content/uploads/2023/01/BARRA-768x16.png 768w, https://dim314.apm.pt/wp-content/uploads/2023/01/BARRA-1536x32.png 1536w, https://dim314.apm.pt/wp-content/uploads/2023/01/BARRA-2048x42.png 2048w" sizes="auto, (max-width: 1138px) 100vw, 1138px" /></figure>
</div>

<p>. SUBMISSÃO DE CANDIDATURA A submissão de candidaturas às várias categorias do concurso para alunos &#8220;O QUE É A MATEMÁTICA?&#8221; deverá ser realizada por cada uma das 5 regiões. No continente, a região NORTE do país está representada pelo júri regional de BRAGANÇA, a região CENTRO do país pelo júri regional de COIMBRA, e a&hellip;&nbsp;<a href="https://dim314.apm.pt/?page_id=442" rel="bookmark">Ler mais &raquo;<span class="screen-reader-text">Submissão de candidatura</span></a></p>
